 are the prime factors of 106165?
5, 17, 1249
What are the prime factors of 416378?
2, 208189
What are the prime factors of 1279542?
2, 3, 11, 19387
What are the prime factors of 1723241?
13, 71, 1867
What are the prime factors of 6216847?
7, 13, 53, 1289
What are the prime factors of 2686501?
61, 44041
List the prime factors of 20697.
3, 6899
List the prime factors of 291862.
2, 145931
What are the prime factors of 3144332?
2, 43, 101, 181
List the prime factors of 1394659.
7, 31, 6427
List the prime factors of 1922761.
673, 2857
What are the prime factors of 395102?
2, 197551
What are the prime factors of 987?
3, 7, 47
List the prime factors of 4909518.
2, 3, 90917
List the prime factors of 429590.
2, 5, 7, 17, 19
What are the prime factors of 17645961?
3, 601, 9787
What are the prime factors of 369048?
2, 3, 15377
List the prime factors of 230167.
7, 131, 251
List the prime factors of 92015.
5, 7, 11, 239
List the prime factors of 3397077.
3, 23, 16411
What are the prime factors of 8551?
17, 503
List the prime factors of 94179.
3, 31393
List the prime factors of 79889.
79889
List the prime factors of 3538974.
2, 3, 589829
What are the prime factors of 633872?
2, 173, 229
List the prime factors of 663551.
7, 94793
What are the prime factors of 794657?
794657
What are the prime factors of 328381?
328381
What are the prime factors of 225385?
5, 45077
What are the prime factors of 9819724?
2, 59, 41609
What are the prime factors of 356706?
2, 3, 7, 19, 149
What are the prime factors of 33652?
2, 47, 179
List the prime factors of 2989940.
2, 5, 149497
What are the prime factors of 1036713?
3, 345571
What are the prime factors of 37741825?
5, 11, 71, 1933
What are the prime factors of 17468859?
3, 101, 57653
List the prime factors of 658714.
2, 7, 47051
What are the prime factors of 15270016?
2, 119297
List the prime factors of 3630396.
2, 3, 7, 11, 3929
What are the prime factors of 19853374?
2, 1049, 9463
What are the prime factors of 210377?
79, 2663
What are the prime factors of 48889?
48889
What are the prime factors of 2720583?
3, 302287
What are the prime factors of 683770?
2, 5, 101, 677
List the prime factors of 2080785.
3, 5, 7, 19, 149
What are the prime factors of 292097?
13, 22469
List the prime factors of 5362370.
2, 5, 13, 19, 167
What are the prime factors of 5302057?
277, 19141
What are the prime factors of 2569566?
2, 3, 109, 3929
What are the prime factors of 121663?
89, 1367
List the prime factors of 4318148.
2, 313, 3449
List the prime factors of 3603756.
2, 3, 13, 1777
What are the prime factors of 9368659?
23, 37, 101, 109
List the prime factors of 483557.
483557
What are the prime factors of 145886?
2, 13, 31, 181
What are the prime factors of 11440510?
2, 5, 199, 5749
What are the prime factors of 154918?
2, 29, 2671
List the prime factors of 737485.
5, 7, 19, 1109
List the prime factors of 1395713.
11, 31, 4093
What are the prime factors of 6090383?
13, 468491
What are the prime factors of 991896?
2, 3, 37, 1117
What are the prime factors of 1020508?
2, 255127
List the prime factors of 1280853.
3, 7, 251
What are the prime factors of 40689?
3, 11, 137
What are the prime factors of 639336?
2, 3, 17, 1567
What are the prime factors of 137830?
2, 5, 7, 11, 179
List the prime factors of 1350804.
2, 3, 7, 13, 1237
List the prime factors of 12202340.
2, 5, 79, 7723
What are the prime factors of 640341?
3, 13, 421
What are the prime factors of 7890?
2, 3, 5, 263
List the prime factors of 25445232.
2, 3, 58901
What are the prime factors of 2313384?
2, 3, 41, 2351
What are the prime factors of 5928?
2, 3, 13, 19
List the prime factors of 1294431.
3, 17, 1493
What are the prime factors of 3543116?
2, 251, 3529
What are the prime factors of 4359637?
379, 11503
List the prime factors of 3614441.
47, 53, 1451
What are the prime factors of 12417480?
2, 3, 5, 17, 2029
List the prime factors of 208609.
208609
List the prime factors of 606598.
2, 303299
List the prime factors of 147630.
2, 3, 5, 7, 19, 37
What are the prime factors of 5541526?
2, 1087, 2549
List the prime factors of 77297.
11, 7027
List the prime factors of 895203.
3, 17, 5851
List the prime factors of 75981.
3, 19, 31, 43
List the prime factors of 385735.
5, 7, 103, 107
List the prime factors of 983709.
3, 29, 3769
What are the prime factors of 3483727?
13, 89, 3011
List the prime factors of 165304.
2, 20663
What are the prime factors of 3357458?
2, 13, 263, 491
List the prime factors of 3623810.
2, 5, 362381
What are the prime factors of 40064?
2, 313
List the prime factors of 81448.
2, 10181
What are the prime factors of 5405489?
353, 15313
What are the prime factors of 4058300?
2, 5, 40583
What are the prime factors of 27665?
5, 11, 503
What are the prime factors of 2625617?
2625617
What are the prime factors of 3137116?
2, 367, 2137
List the prime factors of 7115462.
2, 19, 53, 3533
What are the prime factors of 2099459?
953, 2203
List the prime factors of 2191435.
5, 438287
What are the prime factors of 418438?
2, 17, 31, 397
List the prime factors of 3260497.
3260497
What are the prime factors of 1790486?
2, 895243
List the prime factors of 10668519.
3, 19, 89, 701
List the prime factors of 1149004.
2, 287251
What are the prime factors of 46899?
3, 193
What are the prime factors of 27759034?
2, 397, 34961
List the prime factors of 362808.
2, 3, 5039
List the prime factors of 973511.
7, 11, 47, 269
What are the prime factors of 29591918?
2, 31, 193, 2473
List the prime factors of 452021.
223, 2027
What are the prime factors of 12787387?
311, 41117
What are the prime factors of 174944?
2, 7, 11, 71
List the prime factors of 178030.
2, 5, 19, 937
List the prime factors of 1339618.
2, 7, 103, 929
What are the prime factors of 10947223?
7, 139, 11251
List the prime factors of 242474.
2, 41, 2957
What are the prime factors of 550613?
7, 17, 661
List the prime factors of 20780173.
20780173
What are the prime factors of 292572?
2, 3, 7, 43
List the prime factors of 158347.
7, 22621
What are the prime factors of 12209356?
2, 367, 8317
What are the prime factors of 5315735?
5, 83, 12809
List the prime factors of 759058.
2, 107, 3547
What are the prime factors of 770283?
3, 47, 607
List the prime factors of 533430.
2, 3, 5, 5927
List the prime factors of 9029478.
2, 3, 23, 59, 1109
What are the prime factors of 540094?
2, 19, 61, 233
List the prime factors of 205075.
5, 13, 631
What are the prime factors of 827706?
2, 3, 11, 12541
List the prime factors of 8563289.
7, 174761
What are the prime factors of 637429?
13, 49033
What are the prime factors of 6223809?
3, 1373, 1511
List the prime factors of 869020.
2, 5, 43451
List the prime factors of 119373.
3, 39791
What are the prime factors of 44729?
44729
What are the prime factors of 6945931?
23, 301997
What are the prime factors of 1666457?
13, 128189
List the prime factors of 23759104.
2, 92809
What are the prime factors of 16734454?
2, 11, 760657
List the prime factors of 1154687.
19, 60773
What are the prime factors of 245070?
2, 3, 5, 7, 389
What are the prime factors of 1593117?
3, 177013
What are the prime factors of 402376?
2, 13, 53, 73
What are the prime factors of 223879?
131, 1709
List the prime factors of 768232.
2, 109, 881
What are the prime factors of 7331083?
7331083
What are the prime factors of 568984?
2, 13, 5471
List the prime factors of 158547.
3, 41, 1289
What are the prime factors of 8867168?
2, 277099
List the prime factors of 378515.
5, 75703
List the prime factors of 11371998.
2, 3, 11, 53, 3251
What are the prime factors of 134785?
5, 7, 3851
List the prime factors of 19188855.
3, 5, 7, 60917
What are the prime factors of 1006390?
2, 5, 7, 11, 1307
List the prime factors of 159783.
3, 13, 17, 241
List the prime factors of 14632637.
14632637
What are the prime factors of 13269021?
3, 283, 15629
What are the prime factors of 3449618?
2, 31, 55639
What are the prime factors of 8593982?
2, 71, 60521
What are the prime factors of 75153?
3, 13, 41, 47
List the prime factors of 336147.
3, 7, 16007
List the prime factors of 550911.
3, 183637
List the prime factors of 273681.
3, 47, 647
List the prime factors of 3318011.
3318011
List the prime factors of 167692.
2, 7, 53, 113
What are the prime factors